{"id":19250,"date":"2019-05-27T16:17:50","date_gmt":"2019-05-27T14:17:50","guid":{"rendered":"http:\/\/prwalks.frakton.guru\/points_of_interests\/metush-krasniqi-statue\/"},"modified":"2019-10-04T08:18:11","modified_gmt":"2019-10-04T08:18:11","slug":"metush-krasniqi-statue-3","status":"publish","type":"points_of_interests","link":"https:\/\/oralhistorykosovo.org\/sr\/points_of_interests\/metush-krasniqi-statue-3\/","title":{"rendered":"Metush Krasniqi Statua"},"content":{"rendered":"<p style=\"text-align: justify;\"><span style=\"font-weight: 400;\">\u010clan <\/span><i><span style=\"font-weight: 400;\">Ilegalja <\/span><\/i><span style=\"font-weight: 400;\">pokreta, Metu\u0161 Krasni\u0107i (1928) je bio aktivista i osniva\u010d mnogih ilegalnih politi\u010dkih organizacija u toku svog \u017eivota. Uhap\u0161en nekoliko puta, umro je u pri\u0161tinskoj dr\u017eavnoj bolnici nakon nekoliko meseci mu\u010denja u zatvoru. Dvadeset pet godina kasnije, 2011. statua u prirodnoj veli\u010dini je otkrivena, izvajana od strane Ismet Jonuzija. Nije puno poznato o Krasni\u0107iju osim \u010dinjenice da je pripadao frakciji <\/span><i><span style=\"font-weight: 400;\">Ilegalje<\/span><\/i><span style=\"font-weight: 400;\">. Kada su bili oslobo\u0111eni, \u0161to je bilo jako retka pojava, oni se nikad nisu organizovali u grupe ve\u0107e od tri \u010dlana, koji su malo pisali a jo\u0161 manje dokumentovali, paze\u0107i na tragove koje su mogli ostaviti. Dizanje statue u znak se\u0107anja na \u010dlanove<\/span><i><span style=\"font-weight: 400;\"> Ilegalje <\/span><\/i><span style=\"font-weight: 400;\">je izjava, poku\u0161aj da se napi\u0161e istorija mnogih porodica politi\u010dki gonjenih u Jugoslaviji.<\/span><\/p>\n","protected":false},"featured_media":0,"template":"","class_list":["post-19250","points_of_interests","type-points_of_interests","status-publish","hentry"],"_links":{"self":[{"href":"https:\/\/oralhistorykosovo.org\/sr\/wp-json\/wp\/v2\/points_of_interests\/19250","targetHints":{"allow":["GET"]}}],"collection":[{"href":"https:\/\/oralhistorykosovo.org\/sr\/wp-json\/wp\/v2\/points_of_interests"}],"about":[{"href":"https:\/\/oralhistorykosovo.org\/sr\/wp-json\/wp\/v2\/types\/points_of_interests"}],"wp:attachment":[{"href":"https:\/\/oralhistorykosovo.org\/sr\/wp-json\/wp\/v2\/media?parent=19250"}],"curies":[{"name":"wp","href":"https:\/\/api.w.org\/{rel}","templated":true}]}}

<p style="text-align: justify;"><span style="font-weight: 400;">Član </span><i><span style="font-weight: 400;">Ilegalja </span></i><span style="font-weight: 400;">pokreta, Metuš Krasnići (1928) je bio aktivista i osnivač mnogih ilegalnih političkih organizacija u toku svog života. Uhapšen nekoliko puta, umro je u prištinskoj državnoj bolnici nakon nekoliko meseci mučenja u zatvoru. Dvadeset pet godina kasnije, 2011. statua u prirodnoj veličini je otkrivena, izvajana od strane Ismet Jonuzija. Nije puno poznato o Krasnićiju osim činjenice da je pripadao frakciji </span><i><span style="font-weight: 400;">Ilegalje</span></i><span style="font-weight: 400;">. Kada su bili oslobođeni, što je bilo jako retka pojava, oni se nikad nisu organizovali u grupe veće od tri člana, koji su malo pisali a još manje dokumentovali, pazeći na tragove koje su mogli ostaviti. Dizanje statue u znak sećanja na članove</span><i><span style="font-weight: 400;"> Ilegalje </span></i><span style="font-weight: 400;">je izjava, pokušaj da se napiše istorija mnogih porodica politički gonjenih u Jugoslaviji.</span></p>
