{"id":19247,"date":"2019-05-27T16:16:23","date_gmt":"2019-05-27T14:16:23","guid":{"rendered":"http:\/\/prwalks.frakton.guru\/points_of_interests\/parisan-martyrs-cemetery-varreza-e-deshmoreve-paritizan\/"},"modified":"2019-10-08T12:25:09","modified_gmt":"2019-10-08T12:25:09","slug":"parisan-martyrs-cemetery-varreza-e-deshmoreve-paritizan-3","status":"publish","type":"points_of_interests","link":"https:\/\/oralhistorykosovo.org\/sr\/points_of_interests\/parisan-martyrs-cemetery-varreza-e-deshmoreve-paritizan-3\/","title":{"rendered":"Groblje Partizanskih Mu\u010denika"},"content":{"rendered":"<p style=\"text-align: justify;\"><span style=\"font-weight: 400;\">Lociran u stambenom delu Velanije, ovaj park od tri hektara je odjednom postao ekspoze vrlo dinami\u010dne politi\u010dke istorije Kosova nakon Drugog svetskog rata. Poznat od 1961. godine kao Groblje partizanskih mu\u010denika, spomenik u obliku zvezde sa sferom u sredini je dizajnirao Svetislav Li\u010dina, u znak se\u0107anja na pale borce u Drugom svetskom ratu. Posle 1999. godine politi\u010dari i borci predstavljaju\u0107i ceo politi\u010dki spektar su po\u010deli pregovarati svoj prostor u ovom spomen parku. Po\u010delo je sa veteranima Narodnooslobodila\u010dke borbe koji su predstavili novu plaketu. Posle toga je izgra\u0111eno groblje u znak se\u0107anja na pale borce kosovske oslobodila\u010dke vojske 1999. godine. Predsednik Ibrahim Rugova je tako\u0111e sahranjen ovde, i skorije, u 2018. godini biv\u0161i politi\u010dki zarobljenik i pisac Adem Dema\u0107i je tako\u0111e sahranjen ovde. Ovaj spomen park je sveobuhvatna lekcija o kosovskoj istoriji 20.veka.<\/span><\/p>\n","protected":false},"featured_media":0,"template":"","class_list":["post-19247","points_of_interests","type-points_of_interests","status-publish","hentry"],"_links":{"self":[{"href":"https:\/\/oralhistorykosovo.org\/sr\/wp-json\/wp\/v2\/points_of_interests\/19247","targetHints":{"allow":["GET"]}}],"collection":[{"href":"https:\/\/oralhistorykosovo.org\/sr\/wp-json\/wp\/v2\/points_of_interests"}],"about":[{"href":"https:\/\/oralhistorykosovo.org\/sr\/wp-json\/wp\/v2\/types\/points_of_interests"}],"wp:attachment":[{"href":"https:\/\/oralhistorykosovo.org\/sr\/wp-json\/wp\/v2\/media?parent=19247"}],"curies":[{"name":"wp","href":"https:\/\/api.w.org\/{rel}","templated":true}]}}

Groblje Partizanskih Mučenika

<p style="text-align: justify;"><span style="font-weight: 400;">Lociran u stambenom delu Velanije, ovaj park od tri hektara je odjednom postao ekspoze vrlo dinamične političke istorije Kosova nakon Drugog svetskog rata. Poznat od 1961. godine kao Groblje partizanskih mučenika, spomenik u obliku zvezde sa sferom u sredini je dizajnirao Svetislav Ličina, u znak sećanja na pale borce u Drugom svetskom ratu. Posle 1999. godine političari i borci predstavljajući ceo politički spektar su počeli pregovarati svoj prostor u ovom spomen parku. Počelo je sa veteranima Narodnooslobodilačke borbe koji su predstavili novu plaketu. Posle toga je izgrađeno groblje u znak sećanja na pale borce kosovske oslobodilačke vojske 1999. godine. Predsednik Ibrahim Rugova je takođe sahranjen ovde, i skorije, u 2018. godini bivši politički zarobljenik i pisac Adem Demaći je takođe sahranjen ovde. Ovaj spomen park je sveobuhvatna lekcija o kosovskoj istoriji 20.veka.</span></p>
