{"id":19162,"date":"2019-05-27T15:36:30","date_gmt":"2019-05-27T13:36:30","guid":{"rendered":"http:\/\/prwalks.frakton.guru\/points_of_interests\/october-1-sports-hall\/"},"modified":"2019-10-07T08:35:36","modified_gmt":"2019-10-07T08:35:36","slug":"october-1-sports-hall-3","status":"publish","type":"points_of_interests","link":"https:\/\/oralhistorykosovo.org\/sr\/points_of_interests\/october-1-sports-hall-3\/","title":{"rendered":"Sportska hala \u201c1. oktobar\u201d"},"content":{"rendered":"<p style=\"text-align: justify;\"><span style=\"font-weight: 400;\">Svi gradovi na Kosovu su gradili identi\u010dne sportske hale. Osmislio ju je \u00a0Miroslav \u010co\u010danovi\u0107, a sve\u010dano je otvorena 1976, i tako po\u010dela da bude od koristi gra\u0111anima i sportskoj zajednici. Izgra\u0111ena je zajedno sa va\u017enim arhitektonskim projektima \u201870-ih i nazvana \u201c25. maj\u201d u \u010dast nacionalnog Dana mladosti, koji je tako\u0111e bio ro\u0111endan mar\u0161ala Tita. Politi\u010dka istorija mesta je bogata: zbog ukinu\u0107a kosovske autonomije u Jugoslaviji 1989, albanski studenti su se zaklju\u010dali unutar zgrade kako bi se solidarisali sa \u0161trajkom rudara iz Trep\u010de, pretvoriv\u0161i sportski teren u teren politi\u010dkog otpora. Danas je sportska hala preimenovana u \u201c1. oktobar\u201d u znak se\u0107anja na studentske proteste koji su odr\u017eani 1. oktobra 1997. i koji su zahtevali pravo da se vrate u prostorije univerziteta, pravo koje je Milo\u0161evi\u0107ev re\u017eim uskratio. <\/span><\/p>\n","protected":false},"featured_media":0,"template":"","class_list":["post-19162","points_of_interests","type-points_of_interests","status-publish","hentry"],"_links":{"self":[{"href":"https:\/\/oralhistorykosovo.org\/sr\/wp-json\/wp\/v2\/points_of_interests\/19162","targetHints":{"allow":["GET"]}}],"collection":[{"href":"https:\/\/oralhistorykosovo.org\/sr\/wp-json\/wp\/v2\/points_of_interests"}],"about":[{"href":"https:\/\/oralhistorykosovo.org\/sr\/wp-json\/wp\/v2\/types\/points_of_interests"}],"wp:attachment":[{"href":"https:\/\/oralhistorykosovo.org\/sr\/wp-json\/wp\/v2\/media?parent=19162"}],"curies":[{"name":"wp","href":"https:\/\/api.w.org\/{rel}","templated":true}]}}

<p style="text-align: justify;"><span style="font-weight: 400;">Svi gradovi na Kosovu su gradili identične sportske hale. Osmislio ju je  Miroslav Čočanović, a svečano je otvorena 1976, i tako počela da bude od koristi građanima i sportskoj zajednici. Izgrađena je zajedno sa važnim arhitektonskim projektima ‘70-ih i nazvana “25. maj” u čast nacionalnog Dana mladosti, koji je takođe bio rođendan maršala Tita. Politička istorija mesta je bogata: zbog ukinuća kosovske autonomije u Jugoslaviji 1989, albanski studenti su se zaključali unutar zgrade kako bi se solidarisali sa štrajkom rudara iz Trepče, pretvorivši sportski teren u teren političkog otpora. Danas je sportska hala preimenovana u “1. oktobar” u znak sećanja na studentske proteste koji su održani 1. oktobra 1997. i koji su zahtevali pravo da se vrate u prostorije univerziteta, pravo koje je Miloševićev režim uskratio. </span></p>
