{"id":23123,"date":"2025-06-06T08:35:43","date_gmt":"2025-06-06T08:35:43","guid":{"rendered":"https:\/\/oralhistorykosovo.org\/research\/kosovo-modernist-artists\/"},"modified":"2025-06-16T08:13:28","modified_gmt":"2025-06-16T08:13:28","slug":"kosovo-modernist-artists","status":"publish","type":"page","link":"https:\/\/oralhistorykosovo.org\/sr\/research\/kosovo-modernist-artists\/","title":{"rendered":"MODERNI UMETNICI KOSOVA"},"content":{"rendered":"<p>Ovaj niz intervjua predstavlja \u017eivote umetnika i kulturnih radnika koji su radili na Kosovu i bili deo umetni\u010dke scene \u201870-ih, neprestano dobijaju\u0107i priznanja u jugoslovenskom umetni\u010dkom prostoru preko dve decenije. Politi\u010dki kontekst koji je pokrenuo vizuelnu umetnost predstavljao je zlatno doba Kosova u Jugoslaviji. \u010cinilo se da je ovaj period velikog napretka bio sr\u017e institucionalne memorije, uklju\u010duju\u0107i i memoriju kulturnih institucija. Zbog toga ne \u010dudi\u00a0 \u0161to je Umetni\u010dka galerija u Pri\u0161tini, danas Nacionalna galerija Kosova, osnovana 1979, postaju\u0107i tako prva umetni\u010dka institucija koja je definisala kako \u0107e se umetni\u010dko delo prikazati i predstaviti javnosti.<\/p>\n<p>Projekat usmene istorije sa modernim umetnicima Kosova je zapo\u010det krajem 2016. od strane Inicijative za usmenu istoriju u saradnji sa\u00a0<a href=\"https:\/\/web.archive.org\/web\/20250419201028\/https:\/\/www.galeriakombetare-rks.com\/\">Nacionalnom galerijom Kosova<\/a>.<\/p>\n","protected":false},"excerpt":{"rendered":"<p>Ovaj niz intervjua predstavlja \u017eivote umetnika i kulturnih radnika koji su radili na Kosovu i bili deo umetni\u010dke scene \u201870-ih,&#8230;<\/p>\n","protected":false},"author":564,"featured_media":0,"parent":238,"menu_order":0,"comment_status":"closed","ping_status":"closed","template":"page-category.php","meta":{"footnotes":""},"class_list":["post-23123","page","type-page","status-publish","hentry"],"_links":{"self":[{"href":"https:\/\/oralhistorykosovo.org\/sr\/wp-json\/wp\/v2\/pages\/23123","targetHints":{"allow":["GET"]}}],"collection":[{"href":"https:\/\/oralhistorykosovo.org\/sr\/wp-json\/wp\/v2\/pages"}],"about":[{"href":"https:\/\/oralhistorykosovo.org\/sr\/wp-json\/wp\/v2\/types\/page"}],"author":[{"embeddable":true,"href":"https:\/\/oralhistorykosovo.org\/sr\/wp-json\/wp\/v2\/users\/564"}],"replies":[{"embeddable":true,"href":"https:\/\/oralhistorykosovo.org\/sr\/wp-json\/wp\/v2\/comments?post=23123"}],"version-history":[{"count":1,"href":"https:\/\/oralhistorykosovo.org\/sr\/wp-json\/wp\/v2\/pages\/23123\/revisions"}],"predecessor-version":[{"id":23124,"href":"https:\/\/oralhistorykosovo.org\/sr\/wp-json\/wp\/v2\/pages\/23123\/revisions\/23124"}],"up":[{"embeddable":true,"href":"https:\/\/oralhistorykosovo.org\/sr\/wp-json\/wp\/v2\/pages\/238"}],"wp:attachment":[{"href":"https:\/\/oralhistorykosovo.org\/sr\/wp-json\/wp\/v2\/media?parent=23123"}],"curies":[{"name":"wp","href":"https:\/\/api.w.org\/{rel}","templated":true}]}}

<p>Ovaj niz intervjua predstavlja živote umetnika i kulturnih radnika koji su radili na Kosovu i bili deo umetničke scene ‘70-ih, neprestano dobijajući priznanja u jugoslovenskom umetničkom prostoru preko dve decenije. Politički kontekst koji je pokrenuo vizuelnu umetnost predstavljao je zlatno doba Kosova u Jugoslaviji. Činilo se da je ovaj period velikog napretka bio srž institucionalne memorije, uključujući i memoriju kulturnih institucija. Zbog toga ne čudi  što je Umetnička galerija u Prištini, danas Nacionalna galerija Kosova, osnovana 1979, postajući tako prva umetnička institucija koja je definisala kako će se umetničko delo prikazati i predstaviti javnosti.</p>
<p>Projekat usmene istorije sa modernim umetnicima Kosova je započet krajem 2016. od strane Inicijative za usmenu istoriju u saradnji sa <a href="https://web.archive.org/web/20250419201028/https://www.galeriakombetare-rks.com/">Nacionalnom galerijom Kosova</a>.</p>

<p>Ovaj niz intervjua predstavlja živote umetnika i kulturnih radnika koji su radili na Kosovu i bili deo umetničke scene ‘70-ih,&#8230;</p>
