{"id":21145,"date":"2019-09-08T14:40:54","date_gmt":"2019-09-08T14:40:54","guid":{"rendered":"http:\/\/oralhistorykosovo.org\/walks\/the-long-90s\/"},"modified":"2019-10-31T12:53:22","modified_gmt":"2019-10-31T12:53:22","slug":"the-long-90s","status":"publish","type":"walks","link":"https:\/\/oralhistorykosovo.org\/sq\/walks\/the-long-90s\/","title":{"rendered":"T\u00cb \u201890-TAT E GJATA"},"content":{"rendered":"<p>Heqja e autonomis\u00eb s\u00eb Kosov\u00ebs m\u00eb 1989 u shoq\u00ebrua me p\u00ebrjashtimin masiv t\u00eb shqiptar\u00ebve nga institucionet publike gjat\u00eb viteve 1990-1991. Kriza politike, e cila mendohej se ishte jet\u00ebshkurt\u00ebr, zgjati af\u00ebr nj\u00eb dekad\u00eb dhe kontribuoi n\u00eb tjet\u00ebrsimin e bashk\u00ebsis\u00eb shqiptare nga qyteti i tyre. Ky p\u00ebrjashtim krijoi institucionet e pavarura, nj\u00eb ekosistem kulturor dhe politik q\u00eb u artikulua si rezistenc\u00eb \u00a0paq\u00ebsore ndaj regjimit t\u00eb Millosheviqit. Sht\u00ebpit\u00eb dhe objektet e tjera private u p\u00ebrdor\u00ebn si shkolla, universitete, spitale, hap\u00ebsira kulturore dhe mediale, t\u00eb cilat zhvendos\u00ebn shqiptar\u00ebt nga qendra e qytetit n\u00eb periferi. Ky rrug\u00ebtim \u00ebsht\u00eb n\u00eb nder t\u00eb asaj jete.<\/p>\n","protected":false},"featured_media":21141,"template":"","walks_category":[110],"class_list":["post-21145","walks","type-walks","status-publish","has-post-thumbnail","hentry","walks_cat-kulture"],"_links":{"self":[{"href":"https:\/\/oralhistorykosovo.org\/sq\/wp-json\/wp\/v2\/walks\/21145","targetHints":{"allow":["GET"]}}],"collection":[{"href":"https:\/\/oralhistorykosovo.org\/sq\/wp-json\/wp\/v2\/walks"}],"about":[{"href":"https:\/\/oralhistorykosovo.org\/sq\/wp-json\/wp\/v2\/types\/walks"}],"wp:featuredmedia":[{"embeddable":true,"href":"https:\/\/oralhistorykosovo.org\/sq\/wp-json\/wp\/v2\/media\/21141"}],"wp:attachment":[{"href":"https:\/\/oralhistorykosovo.org\/sq\/wp-json\/wp\/v2\/media?parent=21145"}],"wp:term":[{"taxonomy":"walks_cat","embeddable":true,"href":"https:\/\/oralhistorykosovo.org\/sq\/wp-json\/wp\/v2\/walks_category?post=21145"}],"curies":[{"name":"wp","href":"https:\/\/api.w.org\/{rel}","templated":true}]}}

TË ‘90-TAT E GJATA

<p>Heqja e autonomisë së Kosovës më 1989 u shoqërua me përjashtimin masiv të shqiptarëve nga institucionet publike gjatë viteve 1990-1991. Kriza politike, e cila mendohej se ishte jetëshkurtër, zgjati afër një dekadë dhe kontribuoi në tjetërsimin e bashkësisë shqiptare nga qyteti i tyre. Ky përjashtim krijoi institucionet e pavarura, një ekosistem kulturor dhe politik që u artikulua si rezistencë  paqësore ndaj regjimit të Millosheviqit. Shtëpitë dhe objektet e tjera private u përdorën si shkolla, universitete, spitale, hapësira kulturore dhe mediale, të cilat zhvendosën shqiptarët nga qendra e qytetit në periferi. Ky rrugëtim është në nder të asaj jete.</p>
