{"id":21194,"date":"2019-05-27T15:37:43","date_gmt":"2019-05-27T13:37:43","guid":{"rendered":"http:\/\/oralhistorykosovo.org\/points_of_interests\/ulpiana-fountain\/"},"modified":"2019-10-07T07:57:50","modified_gmt":"2019-10-07T07:57:50","slug":"ulpiana-fountain","status":"publish","type":"points_of_interests","link":"https:\/\/oralhistorykosovo.org\/sq\/points_of_interests\/ulpiana-fountain\/","title":{"rendered":"Fontana e Ulpian\u00ebs"},"content":{"rendered":"<p>Plani urbanistik i vitit 1962 i hartuar nga arkitekti i ndjer\u00eb Bashkim Fehmiu solli n\u00eb jet\u00eb disa lagje t\u00eb m\u00ebdha t\u00eb Prishtin\u00ebs, Ulpiana ishte n\u00eb mesin e tyre. Pothuajse gjysm\u00eb shekulli m\u00eb von\u00eb, ajo ende konsiderohet zona m\u00eb e mir\u00eb e planifikuar e qytetit. E p\u00ebrb\u00ebr\u00eb nga blloqet rezidenciale tipike p\u00ebr qytetet socialiste t\u00eb Evrop\u00ebs Qendrore dhe Juglindore, iu dedikua profesionist\u00ebve t\u00eb klas\u00ebs s\u00eb mesme t\u00eb cil\u00ebt u vendos\u00ebn masivisht n\u00eb Prishtin\u00eb gjat\u00eb viteve t\u00eb \u201860-ta dhe \u201870-ta. Edhe sot, Fontana e Ulpian\u00ebs \u00ebsht\u00eb pika qendrore e lagjes dhe p\u00ebrdoret si nj\u00eb zon\u00eb rekreative p\u00ebr t\u00eb gjith\u00eb brezat. Nga kjo pik\u00eb kodrinore, perendimi i \u00a0diellit shp\u00ebrfaq\u00eb qytetin me plot\u00eb ngjyr\u00eb, q\u00eb \u00ebsht\u00eb arsyeja pse ajo \u00ebsht\u00eb quajtur shpesh pika m\u00eb poetike e Prishtin\u00ebs.<\/p>\n","protected":false},"featured_media":0,"template":"","class_list":["post-21194","points_of_interests","type-points_of_interests","status-publish","hentry"],"_links":{"self":[{"href":"https:\/\/oralhistorykosovo.org\/sq\/wp-json\/wp\/v2\/points_of_interests\/21194","targetHints":{"allow":["GET"]}}],"collection":[{"href":"https:\/\/oralhistorykosovo.org\/sq\/wp-json\/wp\/v2\/points_of_interests"}],"about":[{"href":"https:\/\/oralhistorykosovo.org\/sq\/wp-json\/wp\/v2\/types\/points_of_interests"}],"wp:attachment":[{"href":"https:\/\/oralhistorykosovo.org\/sq\/wp-json\/wp\/v2\/media?parent=21194"}],"curies":[{"name":"wp","href":"https:\/\/api.w.org\/{rel}","templated":true}]}}

Fontana e Ulpianës

<p>Plani urbanistik i vitit 1962 i hartuar nga arkitekti i ndjerë Bashkim Fehmiu solli në jetë disa lagje të mëdha të Prishtinës, Ulpiana ishte në mesin e tyre. Pothuajse gjysmë shekulli më vonë, ajo ende konsiderohet zona më e mirë e planifikuar e qytetit. E përbërë nga blloqet rezidenciale tipike për qytetet socialiste të Evropës Qendrore dhe Juglindore, iu dedikua profesionistëve të klasës së mesme të cilët u vendosën masivisht në Prishtinë gjatë viteve të ‘60-ta dhe ‘70-ta. Edhe sot, Fontana e Ulpianës është pika qendrore e lagjes dhe përdoret si një zonë rekreative për të gjithë brezat. Nga kjo pikë kodrinore, perendimi i  diellit shpërfaqë qytetin me plotë ngjyrë, që është arsyeja pse ajo është quajtur shpesh pika më poetike e Prishtinës.</p>
