{"id":19950,"date":"2019-05-27T15:49:48","date_gmt":"2019-05-27T13:49:48","guid":{"rendered":"http:\/\/oralhistorykosovo.org\/points_of_interests\/kurrizi\/"},"modified":"2019-10-07T07:34:44","modified_gmt":"2019-10-07T07:34:44","slug":"kurrizi","status":"publish","type":"points_of_interests","link":"https:\/\/oralhistorykosovo.org\/sq\/points_of_interests\/kurrizi\/","title":{"rendered":"Kurrizi"},"content":{"rendered":"<p>Kurrizi \u00ebsht\u00eb nj\u00eb em\u00ebrtim anatomik q\u00eb p\u00ebrshkruan dizajn nd\u00ebrtesash t\u00eb larta banimi t\u00eb cilat \u00a0p\u00ebrcillen nga zinxhir\u00eb dyqanesh t\u00eb vendosura nj\u00ebra pas tjetr\u00ebs, duke marr\u00eb k\u00ebshtu pamjen e nj\u00eb kurrizi. Ato u \u00a0nd\u00ebrtuan n\u00eb vitet \u201880 p\u00ebr t\u00eb akomoduar klas\u00ebn aspiruese t\u00eb mesme t\u00eb Prishtin\u00ebs. Ekipi projektues u drejtua nga Drazhen Jankovi\u00e7 dhe Darko Kozjak, dhe u nd\u00ebrtua nga organizata shoq\u00ebrore nd\u00ebrtimore Ramiz Sadiku. P\u00ebrderisa n\u00eb fillim t\u00eb viteve t\u00eb \u201890 konditat politike q\u00eb nd\u00ebrtuan Kurrizin mor\u00ebn kahje p\u00ebr t\u00eb keq, kompleksi arriti ta ruaj ndjenj\u00ebn e liris\u00eb; u shnd\u00ebrrua n\u00eb qend\u00ebr kulturore p\u00ebr komunitetin shqiptar\u00eb t\u00eb de-institucionalizuar. Edhe pse policia e regjimit t\u00eb Millosheviqit shpesh ka bastisur Kurrizin, p\u00ebr rinin\u00eb shqiptare t\u00eb viteve \u201890-t\u00eb kjo hap\u00ebsir\u00eb gjithnj\u00eb ka p\u00ebrfaq\u00ebsuar vend t\u00eb sigurt\u00eb.<\/p>\n","protected":false},"featured_media":0,"template":"","class_list":["post-19950","points_of_interests","type-points_of_interests","status-publish","hentry"],"_links":{"self":[{"href":"https:\/\/oralhistorykosovo.org\/sq\/wp-json\/wp\/v2\/points_of_interests\/19950","targetHints":{"allow":["GET"]}}],"collection":[{"href":"https:\/\/oralhistorykosovo.org\/sq\/wp-json\/wp\/v2\/points_of_interests"}],"about":[{"href":"https:\/\/oralhistorykosovo.org\/sq\/wp-json\/wp\/v2\/types\/points_of_interests"}],"wp:attachment":[{"href":"https:\/\/oralhistorykosovo.org\/sq\/wp-json\/wp\/v2\/media?parent=19950"}],"curies":[{"name":"wp","href":"https:\/\/api.w.org\/{rel}","templated":true}]}}

<p>Kurrizi është një emërtim anatomik që përshkruan dizajn ndërtesash të larta banimi të cilat  përcillen nga zinxhirë dyqanesh të vendosura njëra pas tjetrës, duke marrë kështu pamjen e një kurrizi. Ato u  ndërtuan në vitet ‘80 për të akomoduar klasën aspiruese të mesme të Prishtinës. Ekipi projektues u drejtua nga Drazhen Jankoviç dhe Darko Kozjak, dhe u ndërtua nga organizata shoqërore ndërtimore Ramiz Sadiku. Përderisa në fillim të viteve të ‘90 konditat politike që ndërtuan Kurrizin morën kahje për të keq, kompleksi arriti ta ruaj ndjenjën e lirisë; u shndërrua në qendër kulturore për komunitetin shqiptarë të de-institucionalizuar. Edhe pse policia e regjimit të Millosheviqit shpesh ka bastisur Kurrizin, për rininë shqiptare të viteve ‘90-të kjo hapësirë gjithnjë ka përfaqësuar vend të sigurtë.</p>
