{"id":19942,"date":"2019-05-27T15:52:31","date_gmt":"2019-05-27T13:52:31","guid":{"rendered":"http:\/\/oralhistorykosovo.org\/points_of_interests\/hani-i-dy-roberteve\/"},"modified":"2019-10-04T11:36:09","modified_gmt":"2019-10-04T11:36:09","slug":"hani-i-dy-roberteve","status":"publish","type":"points_of_interests","link":"https:\/\/oralhistorykosovo.org\/sq\/points_of_interests\/hani-i-dy-roberteve\/","title":{"rendered":"Hani i Dy Robert\u00ebve"},"content":{"rendered":"<p>\u201cHani i Dy Robert\u00ebve\u201d \u00ebsht\u00eb restorant dhe hap\u00ebsir\u00eb ekspozuese t\u00eb cilin e mbajn\u00eb dy njoh\u00ebs vendor t\u00eb artit, Merita dhe Fadil Dragaj. P\u00ebrgjat\u00eb viteve \u201890-t\u00eb ishte me lokacion n\u00eb Kurriz, restorani e mban\u00eb emrin e tavern\u00ebs fiktive n\u00eb romanin e Ismail Kadares\u00eb \u201cUra me Tri Harqe\u201d<i>.<\/i> Komuniteti i artist\u00ebve shqiptar\u00eb gjente nj\u00eb streh\u00eb dhe hap\u00ebsir\u00eb ekspozuese n\u00eb \u201cHanin e Dy Robert\u00ebve\u201d. P\u00ebr shkak t\u00eb munges\u00ebs s\u00eb qasjes n\u00eb Galerin\u00eb e Arteve t\u00eb Prishtin\u00ebs, ekspozita vjetore \u201cSalloni i N\u00ebntorit\u201d gjithashtu u zhvendos n\u00eb \u201cHanin e Dy Robert\u00ebve\u201d . Ngjash\u00ebm, restorantet si \u201cKoha\u201d dhe \u201cFjala\u201d luajt\u00ebn nj\u00eb rol t\u00eb r\u00ebnd\u00ebsish\u00ebm n\u00eb mir\u00ebmbajtjen e gjall\u00ebris\u00eb dhe relevanc\u00ebs s\u00eb jet\u00ebs kulturore. \u201cHani\u201d shpesh kishte nd\u00ebrruar lokacionin e restorantit. Sot, tradita e tyre vazhdon n\u00ebn emrin e nj\u00ebjt\u00eb me lokacion n\u00eb Aktash.<\/p>\n","protected":false},"featured_media":0,"template":"","class_list":["post-19942","points_of_interests","type-points_of_interests","status-publish","hentry"],"_links":{"self":[{"href":"https:\/\/oralhistorykosovo.org\/sq\/wp-json\/wp\/v2\/points_of_interests\/19942","targetHints":{"allow":["GET"]}}],"collection":[{"href":"https:\/\/oralhistorykosovo.org\/sq\/wp-json\/wp\/v2\/points_of_interests"}],"about":[{"href":"https:\/\/oralhistorykosovo.org\/sq\/wp-json\/wp\/v2\/types\/points_of_interests"}],"wp:attachment":[{"href":"https:\/\/oralhistorykosovo.org\/sq\/wp-json\/wp\/v2\/media?parent=19942"}],"curies":[{"name":"wp","href":"https:\/\/api.w.org\/{rel}","templated":true}]}}

Hani i Dy Robertëve

<p>“Hani i Dy Robertëve” është restorant dhe hapësirë ekspozuese të cilin e mbajnë dy njohës vendor të artit, Merita dhe Fadil Dragaj. Përgjatë viteve ‘90-të ishte me lokacion në Kurriz, restorani e mbanë emrin e tavernës fiktive në romanin e Ismail Kadaresë “Ura me Tri Harqe”<i>.</i> Komuniteti i artistëve shqiptarë gjente një strehë dhe hapësirë ekspozuese në “Hanin e Dy Robertëve”. Për shkak të mungesës së qasjes në Galerinë e Arteve të Prishtinës, ekspozita vjetore “Salloni i Nëntorit” gjithashtu u zhvendos në “Hanin e Dy Robertëve” . Ngjashëm, restorantet si “Koha” dhe “Fjala” luajtën një rol të rëndësishëm në mirëmbajtjen e gjallërisë dhe relevancës së jetës kulturore. “Hani” shpesh kishte ndërruar lokacionin e restorantit. Sot, tradita e tyre vazhdon nën emrin e njëjtë me lokacion në Aktash.</p>
