{"id":19938,"date":"2019-05-27T16:12:04","date_gmt":"2019-05-27T14:12:04","guid":{"rendered":"http:\/\/oralhistorykosovo.org\/points_of_interests\/1968\/"},"modified":"2019-09-10T11:16:26","modified_gmt":"2019-09-10T11:16:26","slug":"1968","status":"publish","type":"points_of_interests","link":"https:\/\/oralhistorykosovo.org\/sq\/points_of_interests\/1968\/","title":{"rendered":"1968"},"content":{"rendered":"<p>E karakterizuar si kryengritje popullore kund\u00ebr elitave ushtarake dhe burokratike, protestat mbar\u00ebbot\u00ebrore t\u00eb vitit 1968, inkurajuan shqiptar\u00ebt e Kosov\u00ebs q\u00eb t\u00eb artikulojn\u00eb k\u00ebrkesat e tyre politike p\u00ebrmes protest\u00ebs. Nj\u00eb kryengritje e till\u00eb ishte e pritshme sepse kishte zemrim nga dhuna e vazhdueshme e administrat\u00ebs s\u00eb udh\u00ebhequr nga serb\u00ebt dhe gjendja e r\u00ebnd\u00eb politike dhe ekonomike e Kosov\u00ebs n\u00eb Jugosllavi. Protesta e par\u00eb e shqiptar\u00ebve n\u00eb vitin 1968 u organizua n\u00eb Prizren, duke k\u00ebrkuar universitet dhe njohje t\u00eb gjuh\u00ebs shqipe si gjuh\u00eb zyrtare, si dhe t\u00eb drejta t\u00eb barabarta me popujt e tjer\u00eb jugosllav. Protesta m\u00eb e madhe ishte n\u00eb Prishtin\u00eb, ku nj\u00eb protestues u vra dhe shum\u00eb u plagos\u00ebn. N\u00eb pes\u00ebdhjet\u00eb vjetorin e protest\u00ebs, u zbulua nj\u00eb pllak\u00eb p\u00ebrkujtimore p\u00ebr t\u00eb nderuar protestuesit dhe t\u00eb r\u00ebnin, Murat Mehmeti.<\/p>\n","protected":false},"featured_media":0,"template":"","class_list":["post-19938","points_of_interests","type-points_of_interests","status-publish","hentry"],"_links":{"self":[{"href":"https:\/\/oralhistorykosovo.org\/sq\/wp-json\/wp\/v2\/points_of_interests\/19938","targetHints":{"allow":["GET"]}}],"collection":[{"href":"https:\/\/oralhistorykosovo.org\/sq\/wp-json\/wp\/v2\/points_of_interests"}],"about":[{"href":"https:\/\/oralhistorykosovo.org\/sq\/wp-json\/wp\/v2\/types\/points_of_interests"}],"wp:attachment":[{"href":"https:\/\/oralhistorykosovo.org\/sq\/wp-json\/wp\/v2\/media?parent=19938"}],"curies":[{"name":"wp","href":"https:\/\/api.w.org\/{rel}","templated":true}]}}

<p>E karakterizuar si kryengritje popullore kundër elitave ushtarake dhe burokratike, protestat mbarëbotërore të vitit 1968, inkurajuan shqiptarët e Kosovës që të artikulojnë kërkesat e tyre politike përmes protestës. Një kryengritje e tillë ishte e pritshme sepse kishte zemrim nga dhuna e vazhdueshme e administratës së udhëhequr nga serbët dhe gjendja e rëndë politike dhe ekonomike e Kosovës në Jugosllavi. Protesta e parë e shqiptarëve në vitin 1968 u organizua në Prizren, duke kërkuar universitet dhe njohje të gjuhës shqipe si gjuhë zyrtare, si dhe të drejta të barabarta me popujt e tjerë jugosllav. Protesta më e madhe ishte në Prishtinë, ku një protestues u vra dhe shumë u plagosën. Në pesëdhjetë vjetorin e protestës, u zbulua një pllakë përkujtimore për të nderuar protestuesit dhe të rënin, Murat Mehmeti.</p>
