{"id":19246,"date":"2019-05-27T16:16:23","date_gmt":"2019-05-27T14:16:23","guid":{"rendered":"http:\/\/prwalks.frakton.guru\/points_of_interests\/parisan-martyrs-cemetery-varreza-e-deshmoreve-paritizan\/"},"modified":"2019-10-04T08:30:11","modified_gmt":"2019-10-04T08:30:11","slug":"parisan-martyrs-cemetery-varreza-e-deshmoreve-paritizan-2","status":"publish","type":"points_of_interests","link":"https:\/\/oralhistorykosovo.org\/sq\/points_of_interests\/parisan-martyrs-cemetery-varreza-e-deshmoreve-paritizan-2\/","title":{"rendered":"Varrezat e D\u00ebshmor\u00ebve Partizan"},"content":{"rendered":"<p style=\"text-align: justify;\"><span style=\"font-weight: 400;\">E vendosur n\u00eb zon\u00ebn e banimit t\u00eb Velanis\u00eb, ky park \u00a0tre hektar\u00ebsh papritmas u b\u00eb ekspoze e nj\u00eb historie politike shum\u00eb dinamike t\u00eb Kosov\u00ebs pas Luft\u00ebs s\u00eb Dyt\u00eb Bot\u00ebrore. E njohur si Varrezat e D\u00ebshmor\u00ebve Partizan\u00eb q\u00eb nga viti 1961, memoriali n\u00eb form\u00eb t\u00eb yllit me nj\u00eb glob n\u00eb qend\u00ebr ishte projektuar nga Svetislav Li\u00e7ina, p\u00ebrkujtim p<\/span><span style=\"font-weight: 400;\">\u00ebr<\/span><span style=\"font-weight: 400;\"> t\u00eb r\u00ebn\u00ebt n\u00eb Luft\u00ebn e Dyt\u00eb Bot\u00ebrore. Pas vitit 1999, politikan\u00ebt dhe luft\u00ebtar\u00ebt q\u00eb p\u00ebrfaq\u00ebsonin t\u00eb gjith\u00eb spektrin politik filluan t\u00eb \u00a0negociojn\u00eb hap<\/span><span style=\"font-weight: 400;\">\u00ebsir\u00ebn<\/span><span style=\"font-weight: 400;\"> e tyre n\u00eb k\u00ebt\u00eb park p\u00ebrkujtimor. Filloi me veteran\u00ebt e Luft\u00ebs Antifashiste Nacional-\u00e7lirimtare, t\u00eb cil\u00ebt shtuan nj\u00eb pllak\u00eb t\u00eb re. M\u00eb pas u nd\u00ebrtua nj\u00eb varrez\u00eb p\u00ebr t\u00eb p\u00ebrkujtuar t\u00eb r\u00ebn\u00ebt e Ushtris\u00eb \u00c7lirimtare t\u00eb Kosov\u00ebs t\u00eb vitit 1999. Presidenti Ibrahim Rugova gjithashtu \u00ebsht\u00eb varrosur k\u00ebtu, dhe s\u00eb fundi n\u00eb vitin 2018, ish i burgosuri politik dhe shkrimtari Adem Dema\u00e7i u varros k\u00ebtu gjithashtu. Parku memorial \u00ebsht\u00eb nj\u00eb m\u00ebsim gjith\u00ebp\u00ebrfshir\u00ebs n\u00eb historin\u00eb e Kosov\u00ebs t\u00eb shekullit t\u00eb XX-t\u00eb.<\/span><\/p>\n","protected":false},"featured_media":0,"template":"","class_list":["post-19246","points_of_interests","type-points_of_interests","status-publish","hentry"],"_links":{"self":[{"href":"https:\/\/oralhistorykosovo.org\/sq\/wp-json\/wp\/v2\/points_of_interests\/19246","targetHints":{"allow":["GET"]}}],"collection":[{"href":"https:\/\/oralhistorykosovo.org\/sq\/wp-json\/wp\/v2\/points_of_interests"}],"about":[{"href":"https:\/\/oralhistorykosovo.org\/sq\/wp-json\/wp\/v2\/types\/points_of_interests"}],"wp:attachment":[{"href":"https:\/\/oralhistorykosovo.org\/sq\/wp-json\/wp\/v2\/media?parent=19246"}],"curies":[{"name":"wp","href":"https:\/\/api.w.org\/{rel}","templated":true}]}}

Varrezat e Dëshmorëve Partizan

<p style="text-align: justify;"><span style="font-weight: 400;">E vendosur në zonën e banimit të Velanisë, ky park  tre hektarësh papritmas u bë ekspoze e një historie politike shumë dinamike të Kosovës pas Luftës së Dytë Botërore. E njohur si Varrezat e Dëshmorëve Partizanë që nga viti 1961, memoriali në formë të yllit me një glob në qendër ishte projektuar nga Svetislav Liçina, përkujtim p</span><span style="font-weight: 400;">ër</span><span style="font-weight: 400;"> të rënët në Luftën e Dytë Botërore. Pas vitit 1999, politikanët dhe luftëtarët që përfaqësonin të gjithë spektrin politik filluan të  negociojnë hap</span><span style="font-weight: 400;">ësirën</span><span style="font-weight: 400;"> e tyre në këtë park përkujtimor. Filloi me veteranët e Luftës Antifashiste Nacional-çlirimtare, të cilët shtuan një pllakë të re. Më pas u ndërtua një varrezë për të përkujtuar të rënët e Ushtrisë Çlirimtare të Kosovës të vitit 1999. Presidenti Ibrahim Rugova gjithashtu është varrosur këtu, dhe së fundi në vitin 2018, ish i burgosuri politik dhe shkrimtari Adem Demaçi u varros këtu gjithashtu. Parku memorial është një mësim gjithëpërfshirës në historinë e Kosovës të shekullit të XX-të.</span></p>
