{"id":19212,"date":"2019-05-27T16:08:10","date_gmt":"2019-05-27T16:08:10","guid":{"rendered":"http:\/\/prwalks.frakton.guru\/points_of_interests\/nato-memorial-2\/"},"modified":"2019-09-24T11:50:14","modified_gmt":"2019-09-24T11:50:14","slug":"nato-memorial-2-2","status":"publish","type":"points_of_interests","link":"https:\/\/oralhistorykosovo.org\/sq\/points_of_interests\/nato-memorial-2-2\/","title":{"rendered":"Memorial i NATOS-s"},"content":{"rendered":"<p style=\"text-align: justify;\"><span style=\"font-weight: 400;\">Ky memorial u p\u00ebrurua m\u00eb 11 n\u00ebntor 2016. Ai i dedikohet kat\u00ebrmb\u00ebdhjet\u00eb ushtar\u00ebve britanik\u00eb t\u00eb r\u00ebn\u00eb t\u00eb NATO-s, t\u00eb cil\u00ebt sh\u00ebrbyen n\u00eb rajonin e komun\u00ebs s\u00eb Prishtin\u00ebs.<\/span><\/p>\n","protected":false},"featured_media":0,"template":"","class_list":["post-19212","points_of_interests","type-points_of_interests","status-publish","hentry"],"_links":{"self":[{"href":"https:\/\/oralhistorykosovo.org\/sq\/wp-json\/wp\/v2\/points_of_interests\/19212","targetHints":{"allow":["GET"]}}],"collection":[{"href":"https:\/\/oralhistorykosovo.org\/sq\/wp-json\/wp\/v2\/points_of_interests"}],"about":[{"href":"https:\/\/oralhistorykosovo.org\/sq\/wp-json\/wp\/v2\/types\/points_of_interests"}],"wp:attachment":[{"href":"https:\/\/oralhistorykosovo.org\/sq\/wp-json\/wp\/v2\/media?parent=19212"}],"curies":[{"name":"wp","href":"https:\/\/api.w.org\/{rel}","templated":true}]}}

<p style="text-align: justify;"><span style="font-weight: 400;">Ky memorial u përurua më 11 nëntor 2016. Ai i dedikohet katërmbëdhjetë ushtarëve britanikë të rënë të NATO-s, të cilët shërbyen në rajonin e komunës së Prishtinës.</span></p>
