{"id":19177,"date":"2019-05-27T15:51:17","date_gmt":"2019-05-27T13:51:17","guid":{"rendered":"http:\/\/prwalks.frakton.guru\/points_of_interests\/hevdet-doda-gymnasium\/"},"modified":"2019-10-04T11:43:44","modified_gmt":"2019-10-04T11:43:44","slug":"hevdet-doda-gymnasium-2","status":"publish","type":"points_of_interests","link":"https:\/\/oralhistorykosovo.org\/sq\/points_of_interests\/hevdet-doda-gymnasium-2\/","title":{"rendered":"Gjimnazi Xhevdet Doda"},"content":{"rendered":"<p style=\"text-align: justify;\">Gjimnazi \u201cXhevdet Doda\u201d \u00ebsht\u00eb nd\u00ebrtuar n\u00eb fillim t\u00eb shekullit t\u00eb XX-t\u00eb dhe ka sh\u00ebrbyer si burg n\u00eb periudh\u00ebn midis dy luft\u00ebrave bot\u00ebrore. Ka akomoduar shkolla t\u00eb ndryshme deri sa p\u00ebrfundimisht u b\u00eb sht\u00ebpi e gjimnazit \u201cXhevdet Doda\u201d deri n\u00eb vitin 2007. E vendosur n\u00eb zem\u00ebr t\u00eb qytetit, gjat\u00eb viteve t\u00eb \u201890-t\u00eb, ishte shkolla e vetme e mesme n\u00eb gjuh\u00ebn shqipe q\u00eb regjimi i Milloshevqit kishte lejuar t\u00eb mbetet n\u00eb objektin e saj. Kjo ishte nj\u00eb manov\u00ebr propagandistike nga regjimi q\u00eb pohonte se \u00a0kinse shqiptar\u00ebt po b\u00ebnin jet\u00eb normale. Shembja e nd\u00ebrtes\u00ebs n\u00eb vitin 2008 p\u00ebr ti hapur rrug\u00eb nd\u00ebrtimit t\u00eb Katedrales N\u00ebn\u00eb Tereza, nj\u00eb propozim i parashtruar nga Presidenti Ibrahim Rugova, treti t\u00ebr\u00ebsisht historin\u00eb e pasur t\u00eb asaj n\u00ebrtese.<\/p>\n","protected":false},"featured_media":0,"template":"","class_list":["post-19177","points_of_interests","type-points_of_interests","status-publish","hentry"],"_links":{"self":[{"href":"https:\/\/oralhistorykosovo.org\/sq\/wp-json\/wp\/v2\/points_of_interests\/19177","targetHints":{"allow":["GET"]}}],"collection":[{"href":"https:\/\/oralhistorykosovo.org\/sq\/wp-json\/wp\/v2\/points_of_interests"}],"about":[{"href":"https:\/\/oralhistorykosovo.org\/sq\/wp-json\/wp\/v2\/types\/points_of_interests"}],"wp:attachment":[{"href":"https:\/\/oralhistorykosovo.org\/sq\/wp-json\/wp\/v2\/media?parent=19177"}],"curies":[{"name":"wp","href":"https:\/\/api.w.org\/{rel}","templated":true}]}}

<p style="text-align: justify;">Gjimnazi “Xhevdet Doda” është ndërtuar në fillim të shekullit të XX-të dhe ka shërbyer si burg në periudhën midis dy luftërave botërore. Ka akomoduar shkolla të ndryshme deri sa përfundimisht u bë shtëpi e gjimnazit “Xhevdet Doda” deri në vitin 2007. E vendosur në zemër të qytetit, gjatë viteve të ‘90-të, ishte shkolla e vetme e mesme në gjuhën shqipe që regjimi i Milloshevqit kishte lejuar të mbetet në objektin e saj. Kjo ishte një manovër propagandistike nga regjimi që pohonte se  kinse shqiptarët po bënin jetë normale. Shembja e ndërtesës në vitin 2008 për ti hapur rrugë ndërtimit të Katedrales Nënë Tereza, një propozim i parashtruar nga Presidenti Ibrahim Rugova, treti tërësisht historinë e pasur të asaj nërtese.</p>
