{"id":19145,"date":"2019-05-27T15:32:58","date_gmt":"2019-05-27T13:32:58","guid":{"rendered":"http:\/\/prwalks.frakton.guru\/points_of_interests\/the-national-and-university-library-of-kosovo\/"},"modified":"2019-10-07T09:11:54","modified_gmt":"2019-10-07T09:11:54","slug":"the-national-and-university-library-of-kosovo-2","status":"publish","type":"points_of_interests","link":"https:\/\/oralhistorykosovo.org\/sq\/points_of_interests\/the-national-and-university-library-of-kosovo-2\/","title":{"rendered":"Biblioteka Komb\u00ebtare dhe Universitare e Kosov\u00ebs"},"content":{"rendered":"<p style=\"text-align: justify;\"><span style=\"font-weight: 400;\">Nd\u00ebrtimi i Bibliotek\u00ebs Komb\u00ebtare dhe Universitare t\u00eb Kosov\u00ebs frym\u00ebzon opinione polarizuese: \u00ebsht\u00eb nd\u00ebrtesa m\u00eb e sh\u00ebmtuar ose \u00ebsht\u00eb nd\u00ebr nd\u00ebrtesat m\u00eb unike. E p\u00ebrfunduar n\u00eb vitin 1982, krah p\u00ebr krah me kampusin universitar, \u00e7do vendim estetik n\u00eb pjes\u00ebn e jashtme dhe t\u00eb brendshme u b\u00eb me kujdes nga arkitekti i saj Andrija Mutnjakoviq. Duke inkorporuar modulin kub dhe kupola, Mutnjakoviq kishte p\u00ebr q\u00ebllim t\u00eb komunikonte me stilin arkitektonik dominues, i cili deri n\u00eb at\u00eb pik\u00eb ishte sakral. Nd\u00ebrtesa i takon l\u00ebvizjes s\u00eb re t\u00eb regjionalizmit, e cila dihet se referohet n\u00eb elementet arkitekturore rajonale, t\u00eb cilat i asimilon p\u00ebrbrenda stilit modernist. Biblioteka nuk \u00ebsht\u00eb vet\u00ebm sht\u00ebpi e librave, por edhe bim\u00ebve q\u00eb marrin drit\u00eb natyrore p\u00ebrmes n\u00ebnt\u00ebdhjet\u00eb e n\u00ebnt\u00eb kupolave t\u00eb pleksiglasit.<\/span><\/p>\n","protected":false},"featured_media":0,"template":"","class_list":["post-19145","points_of_interests","type-points_of_interests","status-publish","hentry"],"_links":{"self":[{"href":"https:\/\/oralhistorykosovo.org\/sq\/wp-json\/wp\/v2\/points_of_interests\/19145","targetHints":{"allow":["GET"]}}],"collection":[{"href":"https:\/\/oralhistorykosovo.org\/sq\/wp-json\/wp\/v2\/points_of_interests"}],"about":[{"href":"https:\/\/oralhistorykosovo.org\/sq\/wp-json\/wp\/v2\/types\/points_of_interests"}],"wp:attachment":[{"href":"https:\/\/oralhistorykosovo.org\/sq\/wp-json\/wp\/v2\/media?parent=19145"}],"curies":[{"name":"wp","href":"https:\/\/api.w.org\/{rel}","templated":true}]}}

Biblioteka Kombëtare dhe Universitare e Kosovës

<p style="text-align: justify;"><span style="font-weight: 400;">Ndërtimi i Bibliotekës Kombëtare dhe Universitare të Kosovës frymëzon opinione polarizuese: është ndërtesa më e shëmtuar ose është ndër ndërtesat më unike. E përfunduar në vitin 1982, krah për krah me kampusin universitar, çdo vendim estetik në pjesën e jashtme dhe të brendshme u bë me kujdes nga arkitekti i saj Andrija Mutnjakoviq. Duke inkorporuar modulin kub dhe kupola, Mutnjakoviq kishte për qëllim të komunikonte me stilin arkitektonik dominues, i cili deri në atë pikë ishte sakral. Ndërtesa i takon lëvizjes së re të regjionalizmit, e cila dihet se referohet në elementet arkitekturore rajonale, të cilat i asimilon përbrenda stilit modernist. Biblioteka nuk është vetëm shtëpi e librave, por edhe bimëve që marrin dritë natyrore përmes nëntëdhjetë e nëntë kupolave të pleksiglasit.</span></p>
