{"id":19098,"date":"2019-05-27T13:39:58","date_gmt":"2019-05-27T11:39:58","guid":{"rendered":"http:\/\/prwalks.frakton.guru\/points_of_interests\/arkivi-komunal\/"},"modified":"2019-10-08T11:37:26","modified_gmt":"2019-10-08T11:37:26","slug":"arkivi-komunal-2","status":"publish","type":"points_of_interests","link":"https:\/\/oralhistorykosovo.org\/sq\/points_of_interests\/arkivi-komunal-2\/","title":{"rendered":"Arkivi Komunal"},"content":{"rendered":"<p style=\"text-align: justify;\"><span style=\"font-weight: 400;\">Arkivi komunal<\/span><span style=\"font-weight: 400;\"> i Prishtin\u00ebs, i njohur si Shkolla e Mesme Teknike ndodhet n\u00eb nj\u00ebr\u00ebn nga lagjet m\u00eb t\u00eb vjetra t\u00eb qytetit, t\u00eb quajtur <\/span><i><span style=\"font-weight: 400;\">Mektepler <\/span><\/i><span style=\"font-weight: 400;\">[Shkolla]. Godina<\/span><span style=\"font-weight: 400;\"> mendohet q\u00eb \u00ebsht\u00eb nd\u00ebrtuar n<\/span><span style=\"font-weight: 400;\">\u00eb pjes\u00ebn e dyt\u00eb t\u00eb <\/span><span style=\"font-weight: 400;\">shekullit XIX. Struktura e saj ka tipare neoklasike, me dekore simetrike dhe t\u00eb thjeshta n\u00eb fasad\u00eb. <\/span><span style=\"font-weight: 400;\">P<\/span><span style=\"font-weight: 400;\">\u00ebrgjat\u00eb ciklit jet<\/span><span style=\"font-weight: 400;\">\u00ebsor <\/span><span style=\"font-weight: 400;\">t\u00eb saj, nd\u00ebrtesa ka nd<\/span><span style=\"font-weight: 400;\">\u00ebrruar <\/span><span style=\"font-weight: 400;\">shum\u00eb destinime: ka sh\u00ebrbyer si burg gjat\u00eb sundimit osman, si shkoll\u00eb ekonomike dhe e zanatit pas Luft\u00ebs s\u00eb Dyt\u00eb Bot\u00ebrore, dhe si konvikt i shkoll\u00ebs s\u00eb mesme \u201cIvo Lola Ribar\u201d, sot shkolla e mesme \u201cSami Frash\u00ebri\u201d, me vendndodhje posht\u00eb saj n\u00eb an\u00ebn tjet\u00ebr t\u00eb rrug\u00ebs. <\/span><span style=\"font-weight: 400;\">G<\/span><span style=\"font-weight: 400;\">jat\u00eb luft\u00ebrave jugosllave, nd\u00ebrtesa sh\u00ebrbeu si strehimore p\u00ebr refugjat\u00ebt serb nga Kroacia dhe Bosnja e Hercegovina p\u00ebr nj\u00eb periudh\u00eb af\u00ebr nj\u00eb dekade. <\/span><span style=\"font-weight: 400;\">Pas vitit 1999 <\/span><span style=\"font-weight: 400;\">\u00ebsht\u00eb shnd\u00ebrruar n\u00eb Shkoll\u00ebn e Mesme Teknike, m<\/span><span style=\"font-weight: 400;\">\u00eb pas<\/span><span style=\"font-weight: 400;\"> Komuna e Prishtin<\/span><span style=\"font-weight: 400;\">\u00ebs n\u00eb vitin 2004 ia<\/span><span style=\"font-weight: 400;\"> nd\u00ebrroi destinimin n\u00eb arkiv\u00eb komunale. <\/span><\/p>\n","protected":false},"featured_media":0,"template":"","class_list":["post-19098","points_of_interests","type-points_of_interests","status-publish","hentry"],"_links":{"self":[{"href":"https:\/\/oralhistorykosovo.org\/sq\/wp-json\/wp\/v2\/points_of_interests\/19098","targetHints":{"allow":["GET"]}}],"collection":[{"href":"https:\/\/oralhistorykosovo.org\/sq\/wp-json\/wp\/v2\/points_of_interests"}],"about":[{"href":"https:\/\/oralhistorykosovo.org\/sq\/wp-json\/wp\/v2\/types\/points_of_interests"}],"wp:attachment":[{"href":"https:\/\/oralhistorykosovo.org\/sq\/wp-json\/wp\/v2\/media?parent=19098"}],"curies":[{"name":"wp","href":"https:\/\/api.w.org\/{rel}","templated":true}]}}

<p style="text-align: justify;"><span style="font-weight: 400;">Arkivi komunal</span><span style="font-weight: 400;"> i Prishtinës, i njohur si Shkolla e Mesme Teknike ndodhet në njërën nga lagjet më të vjetra të qytetit, të quajtur </span><i><span style="font-weight: 400;">Mektepler </span></i><span style="font-weight: 400;">[Shkolla]. Godina</span><span style="font-weight: 400;"> mendohet që është ndërtuar n</span><span style="font-weight: 400;">ë pjesën e dytë të </span><span style="font-weight: 400;">shekullit XIX. Struktura e saj ka tipare neoklasike, me dekore simetrike dhe të thjeshta në fasadë. </span><span style="font-weight: 400;">P</span><span style="font-weight: 400;">ërgjatë ciklit jet</span><span style="font-weight: 400;">ësor </span><span style="font-weight: 400;">të saj, ndërtesa ka nd</span><span style="font-weight: 400;">ërruar </span><span style="font-weight: 400;">shumë destinime: ka shërbyer si burg gjatë sundimit osman, si shkollë ekonomike dhe e zanatit pas Luftës së Dytë Botërore, dhe si konvikt i shkollës së mesme “Ivo Lola Ribar”, sot shkolla e mesme “Sami Frashëri”, me vendndodhje poshtë saj në anën tjetër të rrugës. </span><span style="font-weight: 400;">G</span><span style="font-weight: 400;">jatë luftërave jugosllave, ndërtesa shërbeu si strehimore për refugjatët serb nga Kroacia dhe Bosnja e Hercegovina për një periudhë afër një dekade. </span><span style="font-weight: 400;">Pas vitit 1999 </span><span style="font-weight: 400;">është shndërruar në Shkollën e Mesme Teknike, m</span><span style="font-weight: 400;">ë pas</span><span style="font-weight: 400;"> Komuna e Prishtin</span><span style="font-weight: 400;">ës në vitin 2004 ia</span><span style="font-weight: 400;"> ndërroi destinimin në arkivë komunale. </span></p>
