{"id":19082,"date":"2019-05-27T13:32:47","date_gmt":"2019-05-27T11:32:47","guid":{"rendered":"http:\/\/prwalks.frakton.guru\/points_of_interests\/hamami-i-madh\/"},"modified":"2019-10-08T17:10:50","modified_gmt":"2019-10-08T17:10:50","slug":"hamami-i-madh-2","status":"publish","type":"points_of_interests","link":"https:\/\/oralhistorykosovo.org\/sq\/points_of_interests\/hamami-i-madh-2\/","title":{"rendered":"Hamami i Madh"},"content":{"rendered":"<p style=\"text-align: justify;\"><span style=\"font-weight: 400;\">Nd\u00ebr aspektet m\u00eb atraktive t\u00eb qytetit t\u00eb Prishtin\u00ebs p\u00ebr nj\u00eb koh\u00eb t\u00eb gjat\u00eb ka qen\u00eb Hamami i Madh. P\u00ebrtej funksionit sanitaro-higjienik, hamami sh\u00ebrbente si vendtakim p\u00ebr qytetar\u00eb. Mendohet se deri te nd\u00ebrtimi i tij ka ardhur si pjes\u00eb e kompleksit t\u00eb Xhamis\u00eb s\u00eb Madhe n\u00eb shekullin XV-t\u00eb. Arkitektura e hamamit karakterizohet nga pes\u00ebmb\u00ebdhjet\u00eb kube, q\u00eb jan\u00eb burimi primar i drit\u00ebs. Thuhet se e shtuna ka qen\u00eb dit\u00eb kur grat\u00eb dhe vajzat jan\u00eb mbledhur p\u00ebr t\u2019u lar\u00eb dhe arg\u00ebtuar. Aty poashtu zhvillohej ceremonia e p\u00ebrgatitjes s\u00eb tyre p\u00ebr nus\u00ebri. Gjat\u00eb koh\u00ebs s\u00eb drek\u00ebs vajzave u sillej ushqimi por ishte v\u00ebshtir\u00eb t\u00eb identifikoheshin nga avulli i dendur q<\/span><span style=\"font-weight: 400;\">\u00eb kaplonte hap<\/span><span style=\"font-weight: 400;\">\u00ebsir\u00ebn. N\u00eb vitet \u201860-t\u00eb, hamami mbyllet dhe me t\u00eb treten ritualet e banor\u00ebve t\u00eb qytetit t\u00eb vjet\u00ebr. <\/span><\/p>\n","protected":false},"featured_media":0,"template":"","class_list":["post-19082","points_of_interests","type-points_of_interests","status-publish","hentry"],"_links":{"self":[{"href":"https:\/\/oralhistorykosovo.org\/sq\/wp-json\/wp\/v2\/points_of_interests\/19082","targetHints":{"allow":["GET"]}}],"collection":[{"href":"https:\/\/oralhistorykosovo.org\/sq\/wp-json\/wp\/v2\/points_of_interests"}],"about":[{"href":"https:\/\/oralhistorykosovo.org\/sq\/wp-json\/wp\/v2\/types\/points_of_interests"}],"wp:attachment":[{"href":"https:\/\/oralhistorykosovo.org\/sq\/wp-json\/wp\/v2\/media?parent=19082"}],"curies":[{"name":"wp","href":"https:\/\/api.w.org\/{rel}","templated":true}]}}

<p style="text-align: justify;"><span style="font-weight: 400;">Ndër aspektet më atraktive të qytetit të Prishtinës për një kohë të gjatë ka qenë Hamami i Madh. Përtej funksionit sanitaro-higjienik, hamami shërbente si vendtakim për qytetarë. Mendohet se deri te ndërtimi i tij ka ardhur si pjesë e kompleksit të Xhamisë së Madhe në shekullin XV-të. Arkitektura e hamamit karakterizohet nga pesëmbëdhjetë kube, që janë burimi primar i dritës. Thuhet se e shtuna ka qenë ditë kur gratë dhe vajzat janë mbledhur për t’u larë dhe argëtuar. Aty poashtu zhvillohej ceremonia e përgatitjes së tyre për nusëri. Gjatë kohës së drekës vajzave u sillej ushqimi por ishte vështirë të identifikoheshin nga avulli i dendur q</span><span style="font-weight: 400;">ë kaplonte hap</span><span style="font-weight: 400;">ësirën. Në vitet ‘60-të, hamami mbyllet dhe me të treten ritualet e banorëve të qytetit të vjetër. </span></p>
