{"id":19038,"date":"2019-05-27T11:52:36","date_gmt":"2019-05-27T09:52:36","guid":{"rendered":"http:\/\/prwalks.frakton.guru\/points_of_interests\/klinika-ne-dragodan-ministria-e-shendetsise\/"},"modified":"2019-10-08T19:42:34","modified_gmt":"2019-10-08T19:42:34","slug":"klinika-ne-dragodan-ministria-e-shendetsise-2","status":"publish","type":"points_of_interests","link":"https:\/\/oralhistorykosovo.org\/sq\/points_of_interests\/klinika-ne-dragodan-ministria-e-shendetsise-2\/","title":{"rendered":"Klinika n\u00eb Dragodan"},"content":{"rendered":"<p style=\"text-align: justify;\"><span style=\"font-weight: 400;\">Nd<\/span><span style=\"font-weight: 400;\">\u00ebrtesa q\u00eb strehon Ministrin\u00eb e Sh\u00ebndet\u00ebsis\u00eb sot, dikur ishte klinika e vetme n\u00eb Prishtin\u00eb dhe sh<\/span><span style=\"font-weight: 400;\">\u00ebrbeu si e till\u00eb <\/span><span style=\"font-weight: 400;\">deri n\u00eb periudh\u00ebn e pas Luft\u00ebs s\u00eb Dyt\u00eb Bot\u00ebrore. Me vendndodhje n\u00eb lagj\u00ebn Arb\u00ebria [Dragodan], e cila asokohe konsideohej periferia e qytetit t\u00eb vjet\u00ebr t\u00eb Prishtin\u00ebs, klinika ishte nd\u00ebrtuar nga administrata osmane dhe u sh\u00ebrbente qytetar\u00ebve me kapacitetin e saj prej tet\u00ebdhjet\u00eb shtret\u00ebrve. <\/span><span style=\"font-weight: 400;\">Mjek<\/span><span style=\"font-weight: 400;\">\u00ebt me nam t\u00eb asaj kohe, <\/span><span style=\"font-weight: 400;\">Dr. Tefiku dhe Dr. Panteli\u0107 kan<\/span><span style=\"font-weight: 400;\">\u00eb punuar n\u00eb klinik\u00eb gjat\u00eb periudh\u00ebs mes dy luft\u00ebrave, n\u00eb kushte shum\u00eb t\u00eb v\u00ebshtira dhe me nj\u00eb staf t\u00eb kufizuar. Koh<\/span><span style=\"font-weight: 400;\">\u00eb kjo,<\/span><span style=\"font-weight: 400;\"> kur qyteti ishte kapluar nga s\u00ebmundje t\u00eb r\u00ebnda si tuberkuloza, hepatiti, tifo dhe kolla e keqe. <\/span><\/p>\n","protected":false},"featured_media":0,"template":"","class_list":["post-19038","points_of_interests","type-points_of_interests","status-publish","hentry"],"_links":{"self":[{"href":"https:\/\/oralhistorykosovo.org\/sq\/wp-json\/wp\/v2\/points_of_interests\/19038","targetHints":{"allow":["GET"]}}],"collection":[{"href":"https:\/\/oralhistorykosovo.org\/sq\/wp-json\/wp\/v2\/points_of_interests"}],"about":[{"href":"https:\/\/oralhistorykosovo.org\/sq\/wp-json\/wp\/v2\/types\/points_of_interests"}],"wp:attachment":[{"href":"https:\/\/oralhistorykosovo.org\/sq\/wp-json\/wp\/v2\/media?parent=19038"}],"curies":[{"name":"wp","href":"https:\/\/api.w.org\/{rel}","templated":true}]}}

Klinika në Dragodan

<p style="text-align: justify;"><span style="font-weight: 400;">Nd</span><span style="font-weight: 400;">ërtesa që strehon Ministrinë e Shëndetësisë sot, dikur ishte klinika e vetme në Prishtinë dhe sh</span><span style="font-weight: 400;">ërbeu si e tillë </span><span style="font-weight: 400;">deri në periudhën e pas Luftës së Dytë Botërore. Me vendndodhje në lagjën Arbëria [Dragodan], e cila asokohe konsideohej periferia e qytetit të vjetër të Prishtinës, klinika ishte ndërtuar nga administrata osmane dhe u shërbente qytetarëve me kapacitetin e saj prej tetëdhjetë shtretërve. </span><span style="font-weight: 400;">Mjek</span><span style="font-weight: 400;">ët me nam të asaj kohe, </span><span style="font-weight: 400;">Dr. Tefiku dhe Dr. Pantelić kan</span><span style="font-weight: 400;">ë punuar në klinikë gjatë periudhës mes dy luftërave, në kushte shumë të vështira dhe me një staf të kufizuar. Koh</span><span style="font-weight: 400;">ë kjo,</span><span style="font-weight: 400;"> kur qyteti ishte kapluar nga sëmundje të rënda si tuberkuloza, hepatiti, tifo dhe kolla e keqe. </span></p>
