{"id":16097,"date":"2019-09-06T13:44:36","date_gmt":"2019-09-06T13:44:36","guid":{"rendered":"http:\/\/oralhistorykosovo.org\/prwalks-intro\/"},"modified":"2019-10-21T11:03:11","modified_gmt":"2019-10-21T11:03:11","slug":"prwalks-intro","status":"publish","type":"page","link":"https:\/\/oralhistorykosovo.org\/sq\/prwalks-intro\/","title":{"rendered":"Intro"},"content":{"rendered":"<p>Si hulumtues n\u00ebn petkun e hartograf\u00ebve, vendos\u00ebm t\u00eb i hart\u00ebzojm\u00eb tregimet e qytetar\u00ebve t\u00eb Prishtin\u00ebs q\u00eb mb\u00ebrthejn\u00eb historin\u00eb e qytetit gjat\u00eb nj\u00ebqind viteve t\u00eb fundit. Me realizimin e nj\u00ebzet e n\u00ebnt\u00eb intervistave t\u00eb historis\u00eb gojore, dhe me konsultimin e mbi nj\u00ebqind intervistave nga arkivi dixhital i Iniciativ\u00ebs p\u00ebr Histori Gojore (oralhistorykosovo.org) dhe arkivave fotografike tjera publike dhe private, ne kemi siguruar histori personale t\u00eb panum\u00ebrta q\u00eb i kushtojn\u00eb v\u00ebmendje ngjarjeve kryesore kulturore dhe politike q\u00eb i kan\u00eb definuar konturat e identitetit bashk\u00ebkohor t\u00eb Prishtin\u00ebs.<\/p>\n<hr \/>\n<p>Prishtina Ec\u00eb \u00ebsht\u00eb nj\u00eb hart\u00eb interaktive shum\u00ebgjuh\u00ebshe, arkitektura e s\u00eb cil\u00ebs akomodon video, audio dhe tekst. Aplikacioni p\u00ebrb\u00ebhent prej kat\u00ebr rrug\u00ebtimeve tematike:<em> Nga a la Turka n\u00eb a la Franga; Me asfalt drejt progresit; T\u00eb \u201890-tat e gjata; Peisazhe t\u00eb kujtes\u00ebs<\/em>, t\u00eb cilat gjithsej p\u00ebrmbajn\u00eb tet\u00ebdhjet\u00eb e kat\u00ebr pika t\u00eb interesit t\u00eb mb\u00ebshtetura nga nj\u00ebqind e dhjet\u00eb video t\u00eb shkurtra q\u00eb zbulojn\u00eb qytetin nga perspektiva e qytetar\u00ebve. Secili rrug\u00ebtim ofron p\u00ebrvoja t\u00eb thelluara t\u00eb zbulimit dhe m\u00ebsimit q\u00eb ushqejn\u00eb kurreshtjen p\u00ebr kulturat, historit\u00eb lokale dhe arkitektur\u00ebn. P\u00ebr m\u00eb tep\u00ebr, rrug\u00ebtimet inkurajojn\u00eb ecjen si m\u00ebnyr\u00eb e t\u00eb krijuarit t\u00eb ndjenj\u00ebs s\u00eb p\u00ebrkat\u00ebsis\u00eb dhe kultur\u00ebs s\u00eb nj\u00eb vendi.<\/p>\n<hr \/>\n<p>Ne jemi t\u00eb vet\u00ebdijsh\u00ebm q\u00eb historia e qytetit ton\u00eb \u00ebsht\u00eb m\u00eb e madhe se k\u00ebto kat\u00ebr rrug\u00ebtime. Prandaj, n\u00eb p\u00ebrputhje me metodologjin\u00eb ton\u00eb, ne do t\u00eb vazhdojm\u00eb tutje mbledhjen e tregimeve jet\u00ebsore. P\u00ebr k\u00ebt\u00eb dhe arsye t\u00eb tjera, \u00e7do seksion i k\u00ebtij aplikacioni mir\u00ebpret kontributin e p\u00ebrdorues\u00ebve t\u00eb saj, n\u00eb form\u00eb t\u00eb memoareve, historive dhe arkivave fotografike. Ne e shohim k\u00ebt\u00eb bashk\u00ebpunim me publikun e gjer\u00eb t\u00eb jet\u00eb thelb\u00ebsor p\u00ebr inicimin e linjave t\u00eb reja t\u00eb k\u00ebrkimit dhe kurimit t\u00eb rrug\u00ebtimeve tjera n\u00eb vitet n\u00eb vazhdim.<\/p>\n<hr \/>\n<p>S\u00eb fundmi, do t\u00eb d\u00ebshironim t\u00eb falenderojm\u00eb qytetar\u00ebt e Prishtin\u00ebs t\u00eb cil\u00ebt u ul\u00ebn me ne dhe i ndan\u00eb historit\u00eb nga jeta e tyre dhe na dhan\u00eb leje t\u00eb publikojm\u00eb intervistat dhe arkivat e tyre fotografike private n\u00eb aplikacionin p\u00ebr telefona mobil Prishtina Ec\u00eb.<\/p>\n<hr \/>\n<p><span style=\"font-weight: 400;\">Hulumtimi<\/span><\/p>\n<p><span style=\"font-weight: 400;\">Aurela Kadriu, Besarta Breznica, Dafina Tahiri, Donjet\u00eb Berisha, Ebru S\u00fcleyman, Er\u00ebmir\u00eb Krasniqi, Kaltrina Krasniqi\u00a0<\/span><\/p>\n<hr \/>\n<p><span style=\"font-weight: 400;\">Kuruar nga<\/span><\/p>\n<p><span style=\"font-weight: 400;\">Er\u00ebmir\u00eb Krasniqi dhe Kaltrina Krasniqi<\/span><\/p>\n<hr \/>\n<p><span style=\"font-weight: 400;\">Dizajni grafik<\/span><\/p>\n<p><span style=\"font-weight: 400;\">Studio Permanent\u2014Nita Salihu Hoxha (Dizajni i aplikacionit mobil), Urtina Hoxha dhe Elvira Thaqi (Dizajni i hart\u00ebs)<\/span><\/p>\n<hr \/>\n<p><span style=\"font-weight: 400;\">Zhvillimi i App<\/span><\/p>\n<p><span style=\"font-weight: 400;\">Frakton\u2014Ndri\u00e7im Sadiku (Zhvillues n\u00eb platform\u00ebn android), Hektor Kastrati (Zhvillues n\u00eb platform\u00ebn iOS), Elvudin Basha \u2013 (Backend programer), Edilona Kamberi (Kontrolli i Kualitetit &#8211; Testimi), Edon Sekiraqa (Drejtues kryesor p\u00ebr teknologji), Albion Hasani (Menaxher i Projektit)<\/span><\/p>\n<hr \/>\n<p><span style=\"font-weight: 400;\">Prodhuar nga<\/span><\/p>\n<p><span style=\"font-weight: 400;\">Iniciativa p\u00ebr Histori Gojore<\/span><\/p>\n<p><span style=\"font-weight: 400;\">oralhistorykosovo.org<\/span><\/p>\n<hr \/>\n<p>Aplikacioni telefonik Prishtina Ec\u00eb \u00ebsht\u00eb nj\u00eb projekt hulumtues nj\u00eb vje\u00e7ar mbi Prishtin\u00ebn dhe pjes\u00eb e projektit \u201eDialogu nd\u00ebrmjet komuniteteve p\u00ebrmes ruajtjes gjith\u00ebp\u00ebrfshir\u00ebse t\u00eb trash\u00ebgimis\u00eb kulturore\u201d i financuar nga Instrumenti i Bashkimit Evropian q\u00eb kontribuon p\u00ebr Paqe dhe Stabilitet (IcSP) dhe zbatuar nga Programi p\u00ebr Zhvilim i Kombeve t\u00eb Bashkuara (UNDP) n\u00eb Kosov\u00eb.<\/p>\n<hr \/>\n<p>K\u00ebto intervista\/video t\u00eb shkurt\u00ebra u prodhuan me mb\u00ebshtetjen financiare t\u00eb Instrumentit t\u00eb Bashkimit Evropian q\u00eb kontribuon p\u00ebr Paqe dhe Stabilitet (IcSP). P\u00ebrmbajtja e tyre \u00ebsht\u00eb n\u00eb t\u00ebr\u00ebsi p\u00ebrgjegj\u00ebsi e\u00a0Iniciativ\u00ebs p\u00ebr Histori Gojore\u00a0(OHI) dhe nuk pasqyrojn\u00eb pik\u00ebpamjet e Bashkimit Evropian dhe Programit t\u00eb Kombeve t\u00eb Bashkuara p\u00ebr Zhvillim.<\/p>\n","protected":false},"excerpt":{"rendered":"<p>Si hulumtues n\u00ebn petkun e hartograf\u00ebve, vendos\u00ebm t\u00eb i hart\u00ebzojm\u00eb tregimet e qytetar\u00ebve t\u00eb Prishtin\u00ebs q\u00eb mb\u00ebrthejn\u00eb historin\u00eb e qytetit&#8230;<\/p>\n","protected":false},"author":1,"featured_media":0,"parent":0,"menu_order":0,"comment_status":"closed","ping_status":"closed","template":"","meta":{"footnotes":""},"class_list":["post-16097","page","type-page","status-publish","hentry"],"_links":{"self":[{"href":"https:\/\/oralhistorykosovo.org\/sq\/wp-json\/wp\/v2\/pages\/16097","targetHints":{"allow":["GET"]}}],"collection":[{"href":"https:\/\/oralhistorykosovo.org\/sq\/wp-json\/wp\/v2\/pages"}],"about":[{"href":"https:\/\/oralhistorykosovo.org\/sq\/wp-json\/wp\/v2\/types\/page"}],"author":[{"embeddable":true,"href":"https:\/\/oralhistorykosovo.org\/sq\/wp-json\/wp\/v2\/users\/1"}],"replies":[{"embeddable":true,"href":"https:\/\/oralhistorykosovo.org\/sq\/wp-json\/wp\/v2\/comments?post=16097"}],"version-history":[{"count":16,"href":"https:\/\/oralhistorykosovo.org\/sq\/wp-json\/wp\/v2\/pages\/16097\/revisions"}],"predecessor-version":[{"id":21591,"href":"https:\/\/oralhistorykosovo.org\/sq\/wp-json\/wp\/v2\/pages\/16097\/revisions\/21591"}],"wp:attachment":[{"href":"https:\/\/oralhistorykosovo.org\/sq\/wp-json\/wp\/v2\/media?parent=16097"}],"curies":[{"name":"wp","href":"https:\/\/api.w.org\/{rel}","templated":true}]}}

<p>Si hulumtues nën petkun e hartografëve, vendosëm të i hartëzojmë tregimet e qytetarëve të Prishtinës që mbërthejnë historinë e qytetit gjatë njëqind viteve të fundit. Me realizimin e njëzet e nëntë intervistave të historisë gojore, dhe me konsultimin e mbi njëqind intervistave nga arkivi dixhital i Iniciativës për Histori Gojore (oralhistorykosovo.org) dhe arkivave fotografike tjera publike dhe private, ne kemi siguruar histori personale të panumërta që i kushtojnë vëmendje ngjarjeve kryesore kulturore dhe politike që i kanë definuar konturat e identitetit bashkëkohor të Prishtinës.</p>
<hr />
<p>Prishtina Ecë është një hartë interaktive shumëgjuhëshe, arkitektura e së cilës akomodon video, audio dhe tekst. Aplikacioni përbëhent prej katër rrugëtimeve tematike:<em> Nga a la Turka në a la Franga; Me asfalt drejt progresit; Të ‘90-tat e gjata; Peisazhe të kujtesës</em>, të cilat gjithsej përmbajnë tetëdhjetë e katër pika të interesit të mbështetura nga njëqind e dhjetë video të shkurtra që zbulojnë qytetin nga perspektiva e qytetarëve. Secili rrugëtim ofron përvoja të thelluara të zbulimit dhe mësimit që ushqejnë kurreshtjen për kulturat, historitë lokale dhe arkitekturën. Për më tepër, rrugëtimet inkurajojnë ecjen si mënyrë e të krijuarit të ndjenjës së përkatësisë dhe kulturës së një vendi.</p>
<hr />
<p>Ne jemi të vetëdijshëm që historia e qytetit tonë është më e madhe se këto katër rrugëtime. Prandaj, në përputhje me metodologjinë tonë, ne do të vazhdojmë tutje mbledhjen e tregimeve jetësore. Për këtë dhe arsye të tjera, çdo seksion i këtij aplikacioni mirëpret kontributin e përdoruesëve të saj, në formë të memoareve, historive dhe arkivave fotografike. Ne e shohim këtë bashkëpunim me publikun e gjerë të jetë thelbësor për inicimin e linjave të reja të kërkimit dhe kurimit të rrugëtimeve tjera në vitet në vazhdim.</p>
<hr />
<p>Së fundmi, do të dëshironim të falenderojmë qytetarët e Prishtinës të cilët u ulën me ne dhe i ndanë historitë nga jeta e tyre dhe na dhanë leje të publikojmë intervistat dhe arkivat e tyre fotografike private në aplikacionin për telefona mobil Prishtina Ecë.</p>
<hr />
<p><span style="font-weight: 400;">Hulumtimi</span></p>
<p><span style="font-weight: 400;">Aurela Kadriu, Besarta Breznica, Dafina Tahiri, Donjetë Berisha, Ebru Süleyman, Erëmirë Krasniqi, Kaltrina Krasniqi </span></p>
<hr />
<p><span style="font-weight: 400;">Kuruar nga</span></p>
<p><span style="font-weight: 400;">Erëmirë Krasniqi dhe Kaltrina Krasniqi</span></p>
<hr />
<p><span style="font-weight: 400;">Dizajni grafik</span></p>
<p><span style="font-weight: 400;">Studio Permanent—Nita Salihu Hoxha (Dizajni i aplikacionit mobil), Urtina Hoxha dhe Elvira Thaqi (Dizajni i hartës)</span></p>
<hr />
<p><span style="font-weight: 400;">Zhvillimi i App</span></p>
<p><span style="font-weight: 400;">Frakton—Ndriçim Sadiku (Zhvillues në platformën android), Hektor Kastrati (Zhvillues në platformën iOS), Elvudin Basha – (Backend programer), Edilona Kamberi (Kontrolli i Kualitetit &#8211; Testimi), Edon Sekiraqa (Drejtues kryesor për teknologji), Albion Hasani (Menaxher i Projektit)</span></p>
<hr />
<p><span style="font-weight: 400;">Prodhuar nga</span></p>
<p><span style="font-weight: 400;">Iniciativa për Histori Gojore</span></p>
<p><span style="font-weight: 400;">oralhistorykosovo.org</span></p>
<hr />
<p>Aplikacioni telefonik Prishtina Ecë është një projekt hulumtues një vjeçar mbi Prishtinën dhe pjesë e projektit „Dialogu ndërmjet komuniteteve përmes ruajtjes gjithëpërfshirëse të trashëgimisë kulturore” i financuar nga Instrumenti i Bashkimit Evropian që kontribuon për Paqe dhe Stabilitet (IcSP) dhe zbatuar nga Programi për Zhvilim i Kombeve të Bashkuara (UNDP) në Kosovë.</p>
<hr />
<p>Këto intervista/video të shkurtëra u prodhuan me mbështetjen financiare të Instrumentit të Bashkimit Evropian që kontribuon për Paqe dhe Stabilitet (IcSP). Përmbajtja e tyre është në tërësi përgjegjësi e Iniciativës për Histori Gojore (OHI) dhe nuk pasqyrojnë pikëpamjet e Bashkimit Evropian dhe Programit të Kombeve të Bashkuara për Zhvillim.</p>

<p>Si hulumtues nën petkun e hartografëve, vendosëm të i hartëzojmë tregimet e qytetarëve të Prishtinës që mbërthejnë historinë e qytetit&#8230;</p>
